
7
What is the thousands digit of 2550831?
0
What is the units digit of 1377267855?
5
What is the ten thousands digit of 3537937955?
3
What is the hundred thousands digit of 119180382?
1
What is the millions digit of 38018883?
8
What is the hundred millions digit of 2346200272?
3
What is the hundreds digit of 1018727835?
8
What is the hundreds digit of 423348967?
9
What is the millions digit of 267144753?
7
What is the thousands digit of 276333146?
3
What is the tens digit of 1936181222?
2
What is the tens digit of 48586523?
2
What is the thousands digit of 13125443?
5
What is the millions digit of 72014746?
2
What is the tens digit of 695622047?
4
What is the ten thousands digit of 51027479?
2
What is the hundred thousands digit of 2099239191?
2
What is the ten millions digit of 664217415?
6
What is the millions digit of 327622330?
7
What is the hundred thousands digit of 614940151?
9
What is the ten thousands digit of 43776779?
7
What is the ten millions digit of 2506033484?
0
What is the units digit of 3592574464?
4
What is the ten millions digit of 65421385?
6
What is the units digit of 19224190?
0
What is the tens digit of 635729941?
4
What is the thousands digit of 418635275?
5
What is the hundred thousands digit of 8467239505?
2
What is the ten millions digit of 119094542?
1
What is the hundreds digit of 681986329?
3
What is the thousands digit of 2569308?
9
What is the hundreds digit of 337874925?
9
What is the millions digit of 174680577?
4
What is the ten thousands digit of 3403956244?
5
What is the thousands digit of 188767580?
7
What is the tens digit of 6044649854?
5
What is the ten millions digit of 693394967?
9
What is the ten millions digit of 66855211?
6
What is the millions digit of 171226705?
1
What is the ten millions digit of 256464849?
5
What is the ten millions digit of 196454682?
9
What is the thousands digit of 85914349?
4
What is the ten millions digit of 16764892?
1
What is the tens digit of 3249140?
4
What is the hundreds digit of 299947881?
8
What is the thousands digit of 224362142?
2
What is the millions digit of 30969051?
0
What is the hundred millions digit of 7331524150?
3
What is the tens digit of 7261137?
3
What is the millions digit of 1084671950?
4
What is the ten millions digit of 32484173?
3
What is the millions digit of 3411540479?
1
What is the tens digit of 112333356?
5
What is the hundred millions digit of 2424468404?
4
What is the thousands digit of 409609091?
9
What is the hundred millions digit of 1142173082?
1
What is the thousands digit of 60871811?
1
What is the billions digit of 3769287681?
3
What is the ten millions digit of 195180064?
9
What is the ten thousands digit of 54603077?
0
What is the ten thousands digit of 13984674?
8
What is the thousands digit of 19325909?
5
What is the hundreds digit of 2014981562?
5
What is the hundred millions digit of 321577936?
3
What is the ten millions digit of 1217634919?
1
What is the millions digit of 290211482?
0
What is the millions digit of 1857934563?
7
What is the thousands digit of 4505006839?
6
What is the thousands digit of 130063432?
3
What is the hundred thousands digit of 220494098?
4
What is the hundred thousands digit of 211470593?
4
What is the ten thousands digit of 12098275?
9
What is the hundred thousands digit of 704697804?
6
What is the thousands digit of 278509481?
9
What is the ten thousands digit of 93313048?
1
What is the millions digit of 5286388306?
6
What is the hundred millions digit of 381293692?
3
What is the millions digit of 475815942?
5
What is the millions digit of 1292921982?
2
What is the hundreds digit of 1772006223?
2
What is the thousands digit of 301453161?
3
What is the tens digit of 179093244?
4
What is the tens digit of 602551613?
1
What is the millions digit of 7826879307?
6
What is the units digit of 1238763391?
1
What is the hundred millions digit of 479980699?
4
What is the hundred thousands digit of 2194670714?
6
What is the ten millions digit of 482316148?
8
What is the hundred thousands digit of 197679928?
6
What is the hundred thousands digit of 48220366?
2
What is the tens digit of 1056073832?
3
What is the tens digit of 291853685?
8
What is the hundred thousands digit of 28665233?
6
What is the tens digit of 2100266?
6
What is the thousands digit of 748229616?
9
What is the units digit of 944110613?
3
What is the ten thousands digit of 316343764?
4
What is the hundreds digit of 1641831752?
7
What is the ten thousands digit of 359179354?
7
What is the tens digit of 36004172?
7
What is the millions digit of 1183171625?
3
What is the hundreds digit of 8334432?
4
What is the ten thousands digit of 79492747?
9
What is the thousands digit of 27928545?
8
What is the ten thousands digit of 487252761?
5
What is the ten millions digit of 2517438889?
1
What is the hundred thousands digit of 318606958?
6
What is the hundreds digit of 616937877?
8
What is the ten thousands digit of 144152252?
5
What is the units digit of 1253139336?
6
What is the thousands digit of 599334570?
4
What is the ten millions digit of 46025475?
4
What is the millions digit of 28124078?
8
What is the millions digit of 97515948?
7
What is the units digit of 302347780?
0
What is the hundreds digit of 1186071635?
6
What is the ten thousands digit of 1488625956?
2
What is the hundred thousands digit of 2540909142?
9
What is the thousands digit of 308349198?
9
What is the millions digit of 39255547?
9
What is the tens digit of 444948541?
4
What is the millions digit of 29663033?
9
What is the hundred millions digit of 275825583?
2
What is the hundred thousands digit of 2736954756?
9
What is the ten thousands digit of 161921218?
2
What is the thousands digit of 15758203?
8
What is the ten millions digit of 1119881025?
1
What is the hundred thousands digit of 38472363?
4
What is the ten thousands digit of 977031404?
3
What is the units digit of 301333750?
0
What is the thousands digit of 586575176?
5
What is the millions digit of 35177153?
5
What is the ten thousands digit of 43191225?
9
What is the hundred thousands digit of 16686440?
6
What is the hundred thousands digit of 8450554?
4
What is the units digit of 48029886?
6
What is the hundreds digit of 5386612?
6
What is the ten millions digit of 33000669?
3
What is the units digit of 63095219?
9
What is the ten millions digit of 88264540?
8
What is the tens digit of 35008128?
2
What is the ten thousands digit of 493295290?
9
What is the tens digit of 1787696120?
2
What is the hundreds digit of 183369952?
9
What is the thousands digit of 2933691104?
1
What is the ten millions digit of 1098315575?
9
What is the millions digit of 7716823?
7
What is the hundreds digit of 519800612?
6
What is the ten millions digit of 32550662?
3
What is the units digit of 73381792?
2
What is the units digit of 520352184?
4
What is the units digit of 372237119?
9
What is the hundreds digit of 1629307357?
3
What is the hundred thousands digit of 2490488073?
4
What is the billions digit of 2240833660?
2
What is the units digit of 189364032?
2
What is the units digit of 75460408?
8
What is the thousands digit of 3924608837?
8
What is the thousands digit of 2044653617?
3
What is the hundreds digit of 22543598?
5
What is the thousands digit of 69281544?
1
What is the hundred thousands digit of 2602716048?
7
What is the hundreds digit of 663431105?
1
What is the millions digit of 730158022?
0
What is the billions digit of 9255613142?
9
What is the hundred thousands digit of 1751549944?
5
What is the tens digit of 79508124?
2
What is the millions digit of 1536646023?
6
What is the millions digit of 4653190?
4
What is the hundred millions digit of 137588490?
1
What is the thousands digit of 1433898615?
8
What is the units digit of 1158749728?
8
What is the billions digit of 3880338594?
3
What is the ten thousands digit of 182887049?
8
What is the hundreds digit of 10144882?
8
What is the units digit of 172931892?
2
What is the hundred thousands digit of 1974281844?
2
What is the hundred thousands digit of 476752686?
7
What is the millions digit of 8550277592?
0
What is the hundred thousands digit of 193077265?
0
What is the hundreds digit of 187779047?
0
What is the ten thousands digit of 51752737?
5
What is the hund